62516 - -107061. What is the thousands digit of u?
4
Suppose q - 38*q + 340844 = 0. What is the thousands digit of q?
9
Let f = 219 - 207. What is the tens digit of f/(-36) + (-23)/3*-65?
9
Suppose -29*r + 30*r = 2. Suppose 5*a - 4*a = -p + 418, -r*a = 5*p - 2084. What is the hundreds digit of p?
4
Let o(m) = -m**3 + 62*m**2 - 59*m - 603. What is the hundreds digit of o(49)?
7
What is the units digit of 6/2 + 256/3968 + (-3669652)/(-62)?
1
Let c(l) = 101*l**2 - l + 1. Let n be c(1). Suppose -v + 13 = -0*v. Suppose -f + n = v. What is the units digit of f?
8
Suppose -4*q = -12, 5*q + 358 = 4*b - 315. What is the hundreds digit of b + 2 - (-10 - -12)?
1
Suppose -101*c + 66*c - 1322080 = -67*c. What is the tens digit of c?
1
Let s = -745 + 89. Let i = -250 - s. What is the tens digit of i?
0
Suppose 0 = k - 5*n - 4066, -2922 = 2*k - 2*n - 11078. What is the thousands digit of k?
4
Let l = -15709 + 24625. What is the thousands digit of l?
8
Let v(k) = 23*k**3 + k + 2. Let o be v(-2). Let j = 264 + -293. Let x = j - o. What is the hundreds digit of x?
1
Suppose -11*b - 19*b - 240 = 0. Let w be (-7)/((-14)/(-4)) - -11. What is the units digit of ((-4)/w)/(b/(-120))*-6?
0
Let h(b) = -7*b**2 + 42*b**3 - 6 + 0*b**2 + 9*b**2 - 4*b**2 + b. Let n be h(2). Let u = -178 + n. What is the hundreds digit of u?
1
Let l(t) = -19*t - 50. Let m be l(-4). Suppose 0 = -s + 2, -4*y + 2*y - 5*s = -m. What is the units digit of 27/(28/y - 3)?
4
Let a(b) be the second derivative of 47*b**3/6 - 3*b**2 + 13*b. Let t be a(7). What is the tens digit of t/4 + (11 - 5)/24?
8
Suppose 0 = -196*s + 192*s + 3980. Let i = s + -774. What is the units digit of i?
1
Let a(l) = 20*l**2 + l + 4. Let d be a(6). Suppose -5*t + 2*t - d = -s, -240 = t - s. What is the hundreds digit of 14/28 - t/2?
1
Let y(k) = 3*k + 11965. What is the tens digit of y(0)?
6
Suppose 4*g - 267 = g. Let m = g - 164. What is the tens digit of (m*60/54)/((-2)/6)?
5
Suppose 69 = -13*c - 9. Let f(w) = -15*w**2 - 20*w - 15. Let i(j) = 8*j**2 + 10*j + 8. Let b(k) = -4*f(k) - 7*i(k). What is the tens digit of b(c)?
8
Let k(h) = -168*h - 1214. What is the thousands digit of k(-44)?
6
Suppose 2*h = 3*x - 3*h + 89, 3*x - h + 85 = 0. Let a = x - -35. What is the units digit of ((-14)/(-8))/(a/28)?
7
Suppose -5*l + 48 = 5*c - 7, 0 = c. Suppose l + 5 = 4*w, 4*r = 4*w + 4492. What is the tens digit of r?
2
Let m = -8040 - -21763. What is the thousands digit of m?
3
Let p = 46 - 44. Suppose -y = 3*a - 4, 2*y + p*y = -4*a. Suppose -a*o + 7 = 5. What is the units digit of o?
1
Suppose 19*o = 10*o + 6390. Let k = o - 399. What is the tens digit of k?
1
Let x(q) = 7*q**2 - 7*q + 34. Suppose -y - w = -6, 4*y - 18 = 4*w - 2. What is the tens digit of x(y)?
7
What is the units digit of 3/(9/(-48)) + 910?
4
Suppose 22*k - 21*k + 10 = 0. Let t be (-9)/(-12) + k/(-8). What is the units digit of (17/(306/24))/(t/51)?
4
Suppose 24*a - 57795 = 54334 + 228095. What is the units digit of a?
6
Suppose d - 5*d - 522 = -5*k, 2 = d. Let o = k + 63. What is the hundreds digit of o?
1
Let z(k) = 3*k**3 + k**2 - 5*k + 8. Suppose -2*s + 27 = -3*b, 3*s + 5*b = 3*b + 8. What is the units digit of z(s)?
2
Let d = 15615 + 34093. What is the hundreds digit of d?
7
Suppose 4*i + 9443 + 26929 = 4*a, -36388 = -4*a - 4*i. Suppose a + 43221 = 44*d. What is the hundreds digit of d?
1
Suppose 6580*h - 35260 = 6560*h. What is the units digit of h?
3
Suppose -5*c + 90252 = 3*m, 5*c + 35283 = -2*m + 125536. What is the tens digit of c?
5
Let n = -23526 - -33223. What is the thousands digit of n?
9
Suppose -5*y = 1 - 16. Suppose y*j - 197 = 4*i, 5*j - j - 226 = -2*i. Let b = -30 + j. What is the units digit of b?
9
What is the thousands digit of ((14 - -9) + -22)/(1/42756)?
2
Suppose w - 6777 = -5*d, 5*w - 2*d - 9246 = 24774. What is the thousands digit of w?
6
Suppose 0 = p + 4*k - 55, 2*p + 0*k = -k + 75. Let v be 7*10/p + 238/2. Suppose -7*x + 96 = -v. What is the tens digit of x?
3
Let z be 660/(-80)*(-32)/(-3). Let u be (3/(-3))/((-1)/(-5)). What is the tens digit of (u/(-10))/((-2)/z)?
2
Let t be 3 + (-92)/28 - 268/(-7). Let p = 42 - t. Suppose -4*x = x + 3*s - 1071, -s = p*x - 854. What is the units digit of x?
3
Let m be 12*((-2)/3)/((-16)/(-54)). Let o = m + 62. What is the units digit of o?
5
Let n be 12*-9*((-69)/(-18) + -4). What is the units digit of 12/n*3*(-1822)/(-4)?
1
Suppose 11073 - 25765 = -4*k. What is the thousands digit of k?
3
Suppose 4*b - 12 = 0, 0 = 5*s + 25*b - 24*b - 6803. Suppose -16*m - m + s = 0. What is the tens digit of m?
8
Let d = 153 - 148. Suppose 2663 - 572 = d*p - 4*n, -5*n = -4*p + 1671. What is the units digit of p?
9
Suppose 3*r = -0 + 6. Let o be -9*13/(819/(-14)). Suppose -r*b = 4*w - 6 - 140, o*w - 235 = -3*b. What is the tens digit of b?
8
Let s(p) = -6*p**3 - 586*p**2 + 115*p + 126. What is the units digit of s(-98)?
4
Let d = 1280 + 414. What is the units digit of (990/275)/(1 + d/(-1700))?
0
Let p(z) = z**3 - 11*z**2 - 12*z + 12. Let t(i) = -i**3 - 23*i**2 - i - 14. Let v be t(-23). Let w be p(v). Let s = -125 - w. What is the units digit of s?
3
Let i = -1413 + 693. Let k = i - -1048. Suppose 0 = 2*g + 4*t - 216, -k = -3*g + 2*t + 12. What is the units digit of g?
2
Suppose -228*s + 57805263 - 5712303 = 428*s. What is the ten thousands digit of s?
7
Suppose w - 42456 = -14*w + 417144. What is the thousands digit of w?
0
Let z = -106 - -134. What is the tens digit of (105/z)/15 - (-1086)/8?
3
Let n(j) = 6*j**2 + 9*j**2 - 36*j - 30*j + 60*j - 2. What is the units digit of n(-5)?
3
Let n(y) = -3*y**3 - 5*y**2 + 7*y + 13. Let s be n(-4). Suppose 93*z = s*z - 3792. What is the units digit of z?
8
What is the units digit of (-10)/40 - (-43834)/8?
9
Let d(v) = -v**3 - 3*v**2 + 3*v + 685. Suppose 0 = -6*w + 22*w. What is the units digit of d(w)?
5
What is the hundreds digit of 8/(-24)*(-3 + (-448590)/10)?
9
Let d(s) = -s**3 + 86*s**2 - 97*s + 237. What is the units digit of d(82)?
9
Let k(b) be the first derivative of -2*b**3/3 + 67*b**2/2 - 103*b + 151. What is the hundreds digit of k(30)?
1
Let o(r) = -8*r**2 - r + 39. What is the units digit of o(0)?
9
Suppose j - 35 = -t - 2, -3*j = -9. Suppose 480 = t*u - 24*u. What is the units digit of u?
0
Let l = -112 + 114. What is the hundreds digit of 752/l - (-27 - -25)?
3
Let g = -28984 - -57581. What is the hundreds digit of g?
5
What is the hundreds digit of ((-1003086)/(-16))/7 + -1 - 12/96?
9
Suppose -a - 3*b = 1, a + 0*b - 5*b + 1 = 0. What is the units digit of 344/(-16)*(2/a - 12)?
1
Let w be 13/(65/(-10))*(-1 + -1). Suppose -w*f = -f + 501. Let t = -93 - f. What is the tens digit of t?
7
Let l be 3/(-2) - (-77)/22. Let r(m) = -123*m + 4. Let d be r(l). Let b = 378 + d. What is the units digit of b?
6
Let h = -22571 + 64073. What is the ten thousands digit of h?
4
Let p = -5330 - -17298. What is the thousands digit of p?
1
Let u be (0 + -1)/(-2 - -6 - 5). Suppose 5*n + 10 = a + u, 3*n + 4 = 2*a. What is the tens digit of (1 - a) + (48 - 1 - 6)?
4
Let k(w) = w**3 + 7*w**2 + 6*w + 6. Let y be k(-6). Let u be 2 + y*(-4)/6. What is the units digit of (11 + -10)*29/(-2)*u?
9
Suppose -4*j = 4*d - 32536, 70*j - 65*j - 24394 = -3*d. What is the thousands digit of d?
8
Let d(m) be the first derivative of -m**4/4 + 5*m**3/3 - 3*m**2/2 + 6*m + 1768. Let f be (-3)/((-1)/(4/3)). What is the units digit of d(f)?
0
Suppose -4*f - u + 7 = -3*f, u = -3*f + 13. Suppose f = 10*q - 17. Suppose 3*i + 0*s - 22 = -2*s, -17 = -q*i + s. What is the units digit of i?
8
Let g = 257 - 254. Suppose -2*v - 3*c - 732 = -2365, -g*c - 2427 = -3*v. What is the units digit of v?
2
Let g(j) = -102*j**3 - 12*j**2 + 11*j + 6. What is the units digit of g(-4)?
8
Let a be 11/(77/(-126))*-39. What is the hundreds digit of -3 - a/(-3) - (-8)/(-4)?
2
Let u(l) = -l**3 - l**2 + l + 3702. Let w be u(0). Let c = 6549 - w. Suppose 0 = -8*i - 5*i + c. What is the hundreds digit of i?
2
Suppose 4*h = -5*p - 3493, 18*p - 22*p - 876 = h. Let n = 131 - h. What is the tens digit of n?
0
Let s = -36 + 45. Let n = 16 + s. What is the tens digit of 14/8*(n + -9)?
2
Suppose 528*b = 584*b - 500360. What is the units digit of b?
5
Let q(k) = 3*k**3 - 22*k**2 + 7*k - 2. Let x be q(7). What is the hundreds digit of 209 - 